{"id":9190,"date":"2017-02-14T11:18:38","date_gmt":"2017-02-14T10:18:38","guid":{"rendered":"https:\/\/karrierirodabutor.hu\/wp-content\/uploads\/2013\/06\/Fej\u00e9rm-Megyei-Min\u0151s\u00e9gi-D\u00edj-2007.jpg"},"modified":"2017-02-14T11:18:38","modified_gmt":"2017-02-14T10:18:38","slug":"fejerm-megyei-minosegi-dij-2007","status":"inherit","type":"attachment","link":"https:\/\/karrierirodabutor.hu\/de\/dijaink\/fejerm-megyei-minosegi-dij-2007\/","title":{"rendered":"Fej\u00e9rm Megyei Min\u0151s\u00e9gi D\u00edj 2007"},"author":3,"featured_media":0,"comment_status":"closed","ping_status":"closed","template":"","meta":[],"class_list":["post-9190","attachment","type-attachment","status-inherit","hentry"],"yoast_head":"<!-- This site is optimized with the Yoast SEO plugin v27.5 - https:\/\/yoast.com\/product\/yoast-seo-wordpress\/ -->\n<title>Fej\u00e9rm Megyei Min\u0151s\u00e9gi D\u00edj 2007 - KARRIER B\u00daTOR Kft.<\/title>\n<meta name=\"robots\" content=\"index, follow, max-snippet:-1, max-image-preview:large, max-video-preview:-1\" \/>\n<link rel=\"canonical\" href=\"https:\/\/karrierirodabutor.hu\/wp-content\/uploads\/2013\/06\/Fej\u00e9rm-Megyei-Min\u0151s\u00e9gi-D\u00edj-2007.jpg\" \/>\n<meta property=\"og:locale\" content=\"de_DE\" \/>\n<meta property=\"og:type\" content=\"article\" \/>\n<meta property=\"og:title\" content=\"Fej\u00e9rm Megyei Min\u0151s\u00e9gi D\u00edj 2007 - KARRIER B\u00daTOR Kft.\" \/>\n<meta property=\"og:url\" content=\"https:\/\/karrierirodabutor.hu\/wp-content\/uploads\/2013\/06\/Fej\u00e9rm-Megyei-Min\u0151s\u00e9gi-D\u00edj-2007.jpg\" \/>\n<meta property=\"og:site_name\" content=\"KARRIER B\u00daTOR Kft.\" \/>\n<meta property=\"og:image\" content=\"https:\/\/karrierirodabutor.hu\/wp-content\/uploads\/2013\/06\/Fej\u00e9rm-Megyei-Min\u0151s\u00e9gi-D\u00edj-2007.jpg\" \/>\n\t<meta property=\"og:image:width\" content=\"850\" \/>\n\t<meta property=\"og:image:height\" content=\"1170\" \/>\n\t<meta property=\"og:image:type\" content=\"image\/jpeg\" \/>\n<script type=\"application\/ld+json\" class=\"yoast-schema-graph\">{\"@context\":\"https:\\\/\\\/schema.org\",\"@graph\":[{\"@type\":\"WebPage\",\"@id\":\"https:\\\/\\\/karrierirodabutor.hu\\\/wp-content\\\/uploads\\\/2013\\\/06\\\/Fej\u00e9rm-Megyei-Min\u0151s\u00e9gi-D\u00edj-2007.jpg\",\"url\":\"https:\\\/\\\/karrierirodabutor.hu\\\/wp-content\\\/uploads\\\/2013\\\/06\\\/Fej\u00e9rm-Megyei-Min\u0151s\u00e9gi-D\u00edj-2007.jpg\",\"name\":\"Fej\u00e9rm Megyei Min\u0151s\u00e9gi D\u00edj 2007 - KARRIER B\u00daTOR Kft.\",\"isPartOf\":{\"@id\":\"https:\\\/\\\/karrierirodabutor.hu\\\/#website\"},\"datePublished\":\"2017-02-14T10:18:38+00:00\",\"breadcrumb\":{\"@id\":\"https:\\\/\\\/karrierirodabutor.hu\\\/wp-content\\\/uploads\\\/2013\\\/06\\\/Fej\u00e9rm-Megyei-Min\u0151s\u00e9gi-D\u00edj-2007.jpg#breadcrumb\"},\"inLanguage\":\"de\",\"potentialAction\":[{\"@type\":\"ReadAction\",\"target\":[\"https:\\\/\\\/karrierirodabutor.hu\\\/wp-content\\\/uploads\\\/2013\\\/06\\\/Fej\u00e9rm-Megyei-Min\u0151s\u00e9gi-D\u00edj-2007.jpg\"]}]},{\"@type\":\"BreadcrumbList\",\"@id\":\"https:\\\/\\\/karrierirodabutor.hu\\\/wp-content\\\/uploads\\\/2013\\\/06\\\/Fej\u00e9rm-Megyei-Min\u0151s\u00e9gi-D\u00edj-2007.jpg#breadcrumb\",\"itemListElement\":[{\"@type\":\"ListItem\",\"position\":1,\"name\":\"Awards\",\"item\":\"https:\\\/\\\/karrierirodabutor.hu\\\/en\\\/dijaink\\\/\"},{\"@type\":\"ListItem\",\"position\":2,\"name\":\"Fej\u00e9rm Megyei Min\u0151s\u00e9gi D\u00edj 2007\"}]},{\"@type\":\"WebSite\",\"@id\":\"https:\\\/\\\/karrierirodabutor.hu\\\/#website\",\"url\":\"https:\\\/\\\/karrierirodabutor.hu\\\/\",\"name\":\"KARRIER B\u00daTOR Kft.\",\"description\":\"KARRIER B\u00daTOR Kft.\",\"potentialAction\":[{\"@type\":\"SearchAction\",\"target\":{\"@type\":\"EntryPoint\",\"urlTemplate\":\"https:\\\/\\\/karrierirodabutor.hu\\\/?s={search_term_string}\"},\"query-input\":{\"@type\":\"PropertyValueSpecification\",\"valueRequired\":true,\"valueName\":\"search_term_string\"}}],\"inLanguage\":\"de\"}]}<\/script>\n<!-- \/ Yoast SEO plugin. -->","yoast_head_json":{"title":"Fej\u00e9rm Megyei Min\u0151s\u00e9gi D\u00edj 2007 - KARRIER B\u00daTOR Kft.","robots":{"index":"index","follow":"follow","max-snippet":"max-snippet:-1","max-image-preview":"max-image-preview:large","max-video-preview":"max-video-preview:-1"},"canonical":"https:\/\/karrierirodabutor.hu\/wp-content\/uploads\/2013\/06\/Fej\u00e9rm-Megyei-Min\u0151s\u00e9gi-D\u00edj-2007.jpg","og_locale":"de_DE","og_type":"article","og_title":"Fej\u00e9rm Megyei Min\u0151s\u00e9gi D\u00edj 2007 - KARRIER B\u00daTOR Kft.","og_url":"https:\/\/karrierirodabutor.hu\/wp-content\/uploads\/2013\/06\/Fej\u00e9rm-Megyei-Min\u0151s\u00e9gi-D\u00edj-2007.jpg","og_site_name":"KARRIER B\u00daTOR Kft.","og_image":[{"width":850,"height":1170,"url":"https:\/\/karrierirodabutor.hu\/wp-content\/uploads\/2013\/06\/Fej\u00e9rm-Megyei-Min\u0151s\u00e9gi-D\u00edj-2007.jpg","type":"image\/jpeg"}],"schema":{"@context":"https:\/\/schema.org","@graph":[{"@type":"WebPage","@id":"https:\/\/karrierirodabutor.hu\/wp-content\/uploads\/2013\/06\/Fej\u00e9rm-Megyei-Min\u0151s\u00e9gi-D\u00edj-2007.jpg","url":"https:\/\/karrierirodabutor.hu\/wp-content\/uploads\/2013\/06\/Fej\u00e9rm-Megyei-Min\u0151s\u00e9gi-D\u00edj-2007.jpg","name":"Fej\u00e9rm Megyei Min\u0151s\u00e9gi D\u00edj 2007 - KARRIER B\u00daTOR Kft.","isPartOf":{"@id":"https:\/\/karrierirodabutor.hu\/#website"},"datePublished":"2017-02-14T10:18:38+00:00","breadcrumb":{"@id":"https:\/\/karrierirodabutor.hu\/wp-content\/uploads\/2013\/06\/Fej\u00e9rm-Megyei-Min\u0151s\u00e9gi-D\u00edj-2007.jpg#breadcrumb"},"inLanguage":"de","potentialAction":[{"@type":"ReadAction","target":["https:\/\/karrierirodabutor.hu\/wp-content\/uploads\/2013\/06\/Fej\u00e9rm-Megyei-Min\u0151s\u00e9gi-D\u00edj-2007.jpg"]}]},{"@type":"BreadcrumbList","@id":"https:\/\/karrierirodabutor.hu\/wp-content\/uploads\/2013\/06\/Fej\u00e9rm-Megyei-Min\u0151s\u00e9gi-D\u00edj-2007.jpg#breadcrumb","itemListElement":[{"@type":"ListItem","position":1,"name":"Awards","item":"https:\/\/karrierirodabutor.hu\/en\/dijaink\/"},{"@type":"ListItem","position":2,"name":"Fej\u00e9rm Megyei Min\u0151s\u00e9gi D\u00edj 2007"}]},{"@type":"WebSite","@id":"https:\/\/karrierirodabutor.hu\/#website","url":"https:\/\/karrierirodabutor.hu\/","name":"KARRIER B\u00daTOR Kft.","description":"KARRIER B\u00daTOR Kft.","potentialAction":[{"@type":"SearchAction","target":{"@type":"EntryPoint","urlTemplate":"https:\/\/karrierirodabutor.hu\/?s={search_term_string}"},"query-input":{"@type":"PropertyValueSpecification","valueRequired":true,"valueName":"search_term_string"}}],"inLanguage":"de"}]}},"description":{"rendered":"<p class=\"attachment\"><a href='https:\/\/karrierirodabutor.hu\/wp-content\/uploads\/2013\/06\/Fej\u00e9rm-Megyei-Min\u0151s\u00e9gi-D\u00edj-2007.jpg'><img fetchpriority=\"high\" decoding=\"async\" width=\"217\" height=\"300\" src=\"https:\/\/karrierirodabutor.hu\/wp-content\/uploads\/2013\/06\/Fej\u00e9rm-Megyei-Min\u0151s\u00e9gi-D\u00edj-2007-217x300.jpg\" class=\"attachment-medium size-medium\" alt=\"\" srcset=\"https:\/\/karrierirodabutor.hu\/wp-content\/uploads\/2013\/06\/Fej\u00e9rm-Megyei-Min\u0151s\u00e9gi-D\u00edj-2007-217x300.jpg 217w, https:\/\/karrierirodabutor.hu\/wp-content\/uploads\/2013\/06\/Fej\u00e9rm-Megyei-Min\u0151s\u00e9gi-D\u00edj-2007-743x1024.jpg 743w, https:\/\/karrierirodabutor.hu\/wp-content\/uploads\/2013\/06\/Fej\u00e9rm-Megyei-Min\u0151s\u00e9gi-D\u00edj-2007.jpg 850w\" sizes=\"(max-width: 217px) 100vw, 217px\" \/><\/a><\/p>\n"},"caption":{"rendered":""},"alt_text":"","media_type":"image","mime_type":"image\/jpeg","media_details":{"width":850,"height":1170,"file":"2013\/06\/Fej\u00e9rm-Megyei-Min\u0151s\u00e9gi-D\u00edj-2007.jpg","sizes":{"thumbnail":{"file":"Fej\u00e9rm-Megyei-Min\u0151s\u00e9gi-D\u00edj-2007-150x150.jpg","width":150,"height":150,"mime_type":"image\/jpeg","source_url":"https:\/\/karrierirodabutor.hu\/wp-content\/uploads\/2013\/06\/Fej\u00e9rm-Megyei-Min\u0151s\u00e9gi-D\u00edj-2007-150x150.jpg"},"medium":{"file":"Fej\u00e9rm-Megyei-Min\u0151s\u00e9gi-D\u00edj-2007-217x300.jpg","width":217,"height":300,"mime_type":"image\/jpeg","source_url":"https:\/\/karrierirodabutor.hu\/wp-content\/uploads\/2013\/06\/Fej\u00e9rm-Megyei-Min\u0151s\u00e9gi-D\u00edj-2007-217x300.jpg"},"large":{"file":"Fej\u00e9rm-Megyei-Min\u0151s\u00e9gi-D\u00edj-2007-743x1024.jpg","width":743,"height":1024,"mime_type":"image\/jpeg","source_url":"https:\/\/karrierirodabutor.hu\/wp-content\/uploads\/2013\/06\/Fej\u00e9rm-Megyei-Min\u0151s\u00e9gi-D\u00edj-2007-743x1024.jpg"},"full":{"file":"Fej\u00e9rm-Megyei-Min\u0151s\u00e9gi-D\u00edj-2007.jpg","width":850,"height":1170,"mime_type":"image\/jpeg","source_url":"https:\/\/karrierirodabutor.hu\/wp-content\/uploads\/2013\/06\/Fej\u00e9rm-Megyei-Min\u0151s\u00e9gi-D\u00edj-2007.jpg"}},"image_meta":{"aperture":0,"credit":"","camera":"","caption":"","created_timestamp":0,"copyright":"","focal_length":0,"iso":0,"shutter_speed":0,"title":""}},"post":3560,"source_url":"https:\/\/karrierirodabutor.hu\/wp-content\/uploads\/2013\/06\/Fej\u00e9rm-Megyei-Min\u0151s\u00e9gi-D\u00edj-2007.jpg","_links":{"self":[{"href":"https:\/\/karrierirodabutor.hu\/de\/wp-json\/wp\/v2\/media\/9190","targetHints":{"allow":["GET"]}}],"collection":[{"href":"https:\/\/karrierirodabutor.hu\/de\/wp-json\/wp\/v2\/media"}],"about":[{"href":"https:\/\/karrierirodabutor.hu\/de\/wp-json\/wp\/v2\/types\/attachment"}],"author":[{"embeddable":true,"href":"https:\/\/karrierirodabutor.hu\/de\/wp-json\/wp\/v2\/users\/3"}],"replies":[{"embeddable":true,"href":"https:\/\/karrierirodabutor.hu\/de\/wp-json\/wp\/v2\/comments?post=9190"}],"wp:attached-to":[{"embeddable":true,"post_type":"page","id":3560,"href":"https:\/\/karrierirodabutor.hu\/de\/wp-json\/wp\/v2\/pages\/3560"}],"curies":[{"name":"wp","href":"https:\/\/api.w.org\/{rel}","templated":true}]}}

https://karrierirodabutor.hu/wp-content/uploads/2013/06/Fejérm-Megyei-Minőségi-Díj-2007.jpg

Fejérm Megyei Minőségi Díj 2007

<!-- This site is optimized with the Yoast SEO plugin v27.5 - https://yoast.com/product/yoast-seo-wordpress/ -->
<title>Fejérm Megyei Minőségi Díj 2007 - KARRIER BÚTOR Kft.</title>
<meta name="robots" content="index, follow, max-snippet:-1, max-image-preview:large, max-video-preview:-1" />
<link rel="canonical" href="https://karrierirodabutor.hu/wp-content/uploads/2013/06/Fejérm-Megyei-Minőségi-Díj-2007.jpg" />
<meta property="og:locale" content="de_DE" />
<meta property="og:type" content="article" />
<meta property="og:title" content="Fejérm Megyei Minőségi Díj 2007 - KARRIER BÚTOR Kft." />
<meta property="og:url" content="https://karrierirodabutor.hu/wp-content/uploads/2013/06/Fejérm-Megyei-Minőségi-Díj-2007.jpg" />
<meta property="og:site_name" content="KARRIER BÚTOR Kft." />
<meta property="og:image" content="https://karrierirodabutor.hu/wp-content/uploads/2013/06/Fejérm-Megyei-Minőségi-Díj-2007.jpg" />
	<meta property="og:image:width" content="850" />
	<meta property="og:image:height" content="1170" />
	<meta property="og:image:type" content="image/jpeg" />
<script type="application/ld+json" class="yoast-schema-graph">{"@context":"https:\/\/schema.org","@graph":[{"@type":"WebPage","@id":"https:\/\/karrierirodabutor.hu\/wp-content\/uploads\/2013\/06\/Fejérm-Megyei-Minőségi-Díj-2007.jpg","url":"https:\/\/karrierirodabutor.hu\/wp-content\/uploads\/2013\/06\/Fejérm-Megyei-Minőségi-Díj-2007.jpg","name":"Fejérm Megyei Minőségi Díj 2007 - KARRIER BÚTOR Kft.","isPartOf":{"@id":"https:\/\/karrierirodabutor.hu\/#website"},"datePublished":"2017-02-14T10:18:38+00:00","breadcrumb":{"@id":"https:\/\/karrierirodabutor.hu\/wp-content\/uploads\/2013\/06\/Fejérm-Megyei-Minőségi-Díj-2007.jpg#breadcrumb"},"inLanguage":"de","potentialAction":[{"@type":"ReadAction","target":["https:\/\/karrierirodabutor.hu\/wp-content\/uploads\/2013\/06\/Fejérm-Megyei-Minőségi-Díj-2007.jpg"]}]},{"@type":"BreadcrumbList","@id":"https:\/\/karrierirodabutor.hu\/wp-content\/uploads\/2013\/06\/Fejérm-Megyei-Minőségi-Díj-2007.jpg#breadcrumb","itemListElement":[{"@type":"ListItem","position":1,"name":"Awards","item":"https:\/\/karrierirodabutor.hu\/en\/dijaink\/"},{"@type":"ListItem","position":2,"name":"Fejérm Megyei Minőségi Díj 2007"}]},{"@type":"WebSite","@id":"https:\/\/karrierirodabutor.hu\/#website","url":"https:\/\/karrierirodabutor.hu\/","name":"KARRIER BÚTOR Kft.","description":"KARRIER BÚTOR Kft.","potentialAction":[{"@type":"SearchAction","target":{"@type":"EntryPoint","urlTemplate":"https:\/\/karrierirodabutor.hu\/?s={search_term_string}"},"query-input":{"@type":"PropertyValueSpecification","valueRequired":true,"valueName":"search_term_string"}}],"inLanguage":"de"}]}</script>
<!-- / Yoast SEO plugin. -->

Fejérm Megyei Minőségi Díj 2007 - KARRIER BÚTOR Kft.

KARRIER BÚTOR Kft.

https://karrierirodabutor.hu/wp-content/uploads/2013/06/Fejérm-Megyei-Minőségi-Díj-2007.jpg#breadcrumb

<p class="attachment"><a href='https://karrierirodabutor.hu/wp-content/uploads/2013/06/Fejérm-Megyei-Minőségi-Díj-2007.jpg'><img fetchpriority="high" decoding="async" width="217" height="300" src="https://karrierirodabutor.hu/wp-content/uploads/2013/06/Fejérm-Megyei-Minőségi-Díj-2007-217x300.jpg" class="attachment-medium size-medium" alt="" srcset="https://karrierirodabutor.hu/wp-content/uploads/2013/06/Fejérm-Megyei-Minőségi-Díj-2007-217x300.jpg 217w, https://karrierirodabutor.hu/wp-content/uploads/2013/06/Fejérm-Megyei-Minőségi-Díj-2007-743x1024.jpg 743w, https://karrierirodabutor.hu/wp-content/uploads/2013/06/Fejérm-Megyei-Minőségi-Díj-2007.jpg 850w" sizes="(max-width: 217px) 100vw, 217px" /></a></p>

2013/06/Fejérm-Megyei-Minőségi-Díj-2007.jpg

Fejérm-Megyei-Minőségi-Díj-2007-150x150.jpg

https://karrierirodabutor.hu/wp-content/uploads/2013/06/Fejérm-Megyei-Minőségi-Díj-2007-150x150.jpg

Fejérm-Megyei-Minőségi-Díj-2007-217x300.jpg

https://karrierirodabutor.hu/wp-content/uploads/2013/06/Fejérm-Megyei-Minőségi-Díj-2007-217x300.jpg

Fejérm-Megyei-Minőségi-Díj-2007-743x1024.jpg

https://karrierirodabutor.hu/wp-content/uploads/2013/06/Fejérm-Megyei-Minőségi-Díj-2007-743x1024.jpg

Fejérm-Megyei-Minőségi-Díj-2007.jpg
